Suppose -2 = 7*d + 103. Let k(h) = -5*h + 68. Is k(d) a composite number?
True
Let c(j) = j**3 - 13*j**2 + 7*j + 53. Let t be c(12). Is -9 + 31153/7 + 3/t prime?
True
Suppose 8*v + 3496 = 4*v. Let l be 2/(-17) - (-107973)/51. Let g = v + l. Is g a composite number?
True
Let r be ((-6)/4)/((-6)/(-3560)). Let n = r - -1303. Is n a prime number?
False
Suppose 6249082 = 105*l - 94640483. Is l composite?
True
Let c(k) be the third derivative of 53*k**5/20 + 7*k**4/6 - 7*k**3/2 - 93*k**2. Is c(-8) composite?
False
Suppose 3*l = 4*l + 2, -i = -4*l - 919. Let a = -258 - -438. Let h = i - a. Is h prime?
False
Suppose 8*a + 5748 = 12*a. Let p = a + -918. Is p composite?
True
Suppose 2*y - 3*j + 10 + 6 = 0, -2*y - 4*j + 12 = 0. Is (2/y)/(17/(-9197)) prime?
True
Let w = 34 + -4. Let l be ((-180)/25)/(3/w). Let a = -5 - l. Is a composite?
False
Is 38384 - (-14 + -18 - -15) a composite number?
True
Let h(g) = 13*g + 6. Let p be h(0). Let y(x) = 29*x - 32. Is y(p) prime?
False
Suppose 5*t + 6 = 21, -4*g - 2*t + 6 = 0. Suppose -r = 2*d - 55844, -5*d + 139625 = -5*r - g*r. Is d a composite number?
True
Suppose 157*f - 16032319 = 8510392. Is f prime?
False
Suppose -12*y - 5*j - 8 = -9*y, 5*y = 4*j - 1. Is y - (-1926)/(3 - 0) composite?
False
Let d(k) be the third derivative of -k**6/120 - k**5/20 - 11*k**4/12 - 7*k**3/6 + 2*k**2 + 90*k. Is d(-17) composite?
True
Suppose -f = -4, -3*j - 5*f + 10*f = 14. Suppose -j*w = q - 897, -4*q + 1319 = -3*w - 2214. Is q a prime number?
True
Suppose -z - 526 = -3*w - 152, 739 = -2*z + 3*w. Let c = z + 231. Let q = 427 + c. Is q a prime number?
True
Suppose -o + 33 = p + p, 0 = p + o - 18. Let f be (3 - 0/3)/(p/10). Suppose 4*k - 2176 = 4*s, 4*k - f*s + 0*s = 2170. Is k prime?
True
Suppose -12 = 3*f, 0*b = -b + f + 1329. Suppose -14*j = -7061 - b. Is j prime?
True
Suppose 0 = -3*g - g - 12156. Let i = g - -1460. Let f = 2366 + i. Is f a prime number?
True
Let w(p) = 83*p**2 + 49*p + 457. Is w(34) a prime number?
False
Is (3491430/(-24))/((-275)/44 + 5) prime?
True
Is (-21190910)/(-30) + -4 + 32/(-12) a composite number?
False
Let s(k) = -132*k**3 + 28*k**2 + 117*k + 90. Is s(-11) prime?
True
Suppose -3*y - 8*l + 3*l + 26 = 0, -l = 4*y - 46. Suppose -y = u - c - 3*c, 12 = 3*c. Suppose 0 = 4*b + 1 + 3, -781 = -5*p - u*b. Is p a prime number?
True
Suppose -37854 = -26*v + 101064. Let a = v + -2296. Is a prime?
False
Let d be 1/((47/(-24) + 2)*-3). Is (1 + -5)/d*2099*2 composite?
False
Suppose 8*g + 8*g - 448 = 0. Suppose 0 = -g*u + 3*u + 197375. Is u prime?
False
Let x = 7675 + -18639. Let r = x - -20371. Is r a prime number?
False
Let f(x) = x**3 - 8*x**2 + 13*x + 8. Let z be f(15). Let n = z + 1295. Suppose -13*a = -20*a + n. Is a a prime number?
True
Suppose 4*v = 16*v + 36. Let b be 52/(-14) + v/(63/6). Is (-138)/b*984/36 composite?
True
Let z = -25 + 30. Suppose 3*k = 2*k. Suppose 11596 = z*l + s + 2*s, -2*l + 4*s + 4654 = k. Is l a prime number?
False
Suppose 0 = -303*r + 319*r - 13776. Let b = -30 + 65. Suppose 2*o = r - b. Is o prime?
False
Let f be 1/(14/(-35) - (-11)/15). Suppose -2*q + 427 = -f*j + 43, 3*q - 576 = j. Suppose -20 = -4*p + q. Is p composite?
False
Let g(q) = 16*q**2 - q - 5. Let j be g(8). Let a be (-11 - -21)*(1 + 141). Let d = a - j. Is d composite?
False
Suppose -19*j + 762 - 586 = 25*j. Let q be (-1)/2*0 - -332. Suppose -j*f - q = -6*f. Is f a prime number?
False
Let g(a) = 9 - 63*a**2 - 3*a + 64*a**2 + 2*a + 8*a. Let x be g(-7). Suppose -4*l + x*l - 3925 = 0. Is l prime?
False
Let z(b) = b**2 - 15*b + 27. Let p be z(14). Suppose 0 = -3*r + 2*v + 2, 3*r = 5*v - p. Suppose -r*c + 302 = 42. Is c prime?
False
Suppose -2*r = 8 + 2, 3*b - r = 20. Suppose -5*w = 5*d + 10, 3*d - 20 = 6*d + 5*w. Suppose b*c - 1295 = -3*f, d*c + 518 = 7*c - 4*f. Is c a prime number?
False
Let p be (11/4 - 0) + 9/(-12). Suppose -p*d = 7 - 17. Suppose 3*u + d*h = 10*h + 1556, -3*u = -4*h - 1561. Is u a composite number?
True
Let u be 83/(-4) - (-42)/56. Let d be 6*82868/u - (-4)/10. Is 1/(d/(-8285) + -3) a prime number?
True
Let d be 21/((-231)/44) + 8. Let u = 3 + -1. Suppose u*b = d*r - 0*r - 1918, 0 = 4*r + 5*b - 1911. Is r a prime number?
True
Suppose -6*l + 46987 = 6787. Let v = l + -1083. Is v a composite number?
True
Let o(b) = 71*b**2 - 29*b + 115. Is o(-34) a prime number?
True
Is -6 - ((-23983218)/(-189))/((-2)/3) a prime number?
False
Let b(j) = 143*j + 22 + 2 - 113. Is b(6) prime?
True
Suppose -19*j + 15*j + 8 = 0. Suppose 2*o - o = j. Is o/11 + 63282/66 a composite number?
True
Suppose 7784101 = 5*t + 5*t + 3*t. Is t prime?
True
Suppose -x + 2*f + 2 = 7*f, -f - 2 = -x. Is (-3)/x*-1*23442/9 a prime number?
True
Suppose 154*m = 792404 + 541698. Is m a composite number?
False
Let y(r) = -r**3 - 18*r**2 + 17*r - 3. Let k be y(-19). Is (-7)/k + (17062/10 - -3) a composite number?
False
Let i = 30 - -18. Let p = -44 + i. Suppose -4*m + 5016 = -z, -p*m + 5*m - 1237 = -4*z. Is m a prime number?
False
Let k(t) = 30*t**2 - 2*t - 13 + 13 - 9. Is k(-4) prime?
True
Let l = -53368 - -146649. Is l composite?
False
Suppose -4*v = -4*y - 354436, -173*y = 4*v - 169*y - 354420. Is v a prime number?
True
Is 20304 - (5 - (3 - -21)) prime?
True
Let h be (1/((-6)/8))/(2/9). Let r(b) = -1062*b - 49. Let s be r(h). Suppose -c + s = 2*n, 4*n = -n + 5*c + 15830. Is n a prime number?
True
Let w = 2470297 + -549828. Is w composite?
False
Suppose -i - 3*i = -20. Let g(k) be the first derivative of 40*k**2 - 19*k - 99. Is g(i) composite?
True
Suppose 2*r = -2*b + 6, 14 = 5*r - 1. Suppose 0 = -4*i - 4*a - 4, b = 3*i - a - 4 - 9. Suppose -i*v = -12, -4*z + 0*z + 1508 = -2*v. Is z prime?
True
Let l be 1132 - ((-2)/2)/(-1). Suppose g - l = -2*g. Is g a prime number?
False
Suppose -2477205 = -457*z + 412*z. Is z a composite number?
False
Suppose -3753006 - 40372048 = -162*p + 21016280. Is p a prime number?
True
Suppose 2*r = -12 + 86. Let p be -5 + 1 + 3 - r*-1. Suppose 3*o - 334 = d, p = o - d - 76. Is o a composite number?
True
Let u(b) = 80*b**3 - 13*b**2 + 39*b - 8. Is u(5) composite?
True
Let r(p) = p**3 - 11*p**2 + 11*p - 8. Let f be r(10). Suppose -z = -9*z - 32. Is -3 + -332*f/z composite?
False
Let i(z) be the second derivative of 11*z**3/6 - 5*z**2 - 21*z. Let k = 20 - 13. Is i(k) a prime number?
True
Suppose 2*b + 5 = 13. Let h be (-31 - -23)*(-6)/b. Is ((-2)/(-3))/(h/15786) composite?
False
Suppose -3*y = -5*g + 566377, 4*y = -395*g + 393*g + 226582. Is g a composite number?
False
Let j = 134290 - 73543. Is j composite?
True
Let g(p) = p**3 + 29*p**2 + 30*p + 90. Let o be g(-28). Is (-4)/2*(-17)/o + 706 a prime number?
False
Let t(q) = -84*q + 1961. Is t(-27) a prime number?
True
Let y = -14 + 9. Let d be (1*(2 + y) - -1136) + 3. Suppose -4654 = -2*k - d. Is k a prime number?
True
Suppose -39 = 3*y - 2*d, -d - 3*d = -3*y - 33. Let c be (y - -4)/((-3)/6). Suppose -2*g - k = -252, -111 = -g + 3*k + c. Is g a composite number?
False
Let t = 565 + 474. Suppose -555 = 6*q - 567. Suppose -t = q*x - 3*x. Is x prime?
True
Let i be 2/3 - ((-31796)/6 + -1). Let q = i - 3454. Is q a prime number?
True
Suppose 18*m - 14*m = 120. Suppose 4*s + 10 = m. Suppose -873 = -14*u + s*u. Is u prime?
True
Let z(s) be the first derivative of s**3/3 + 25*s**2/2 + 29*s - 1. Let d be 6/9 + (-480)/18. Is z(d) a composite number?
True
Suppose -3*g + 120496 = -2*z, -200814 = -13*g + 8*g - 3*z. Suppose -23*r = -17*r - g. Is r composite?
True
Suppose 2*o + 107286 - 671010 = -2*p, 0 = -2*o + p + 563739. Is o a prime number?
True
Let k = -12273 + 30866. Suppose k + 5817 = -10*t. Let s = t - -5452. Is s a prime number?
True
Suppose 23 + 13 = -w - 3*r, -3*w + 3*r - 72 = 0. Let q = 27 + w. Let d(b) = -b**3 + 395. Is d(q) composite?
True
Let i(r) = 153446*r + 6077. Is i(6) composite?
True
Let x be (-9)/81*6 - (-8588)/3. Let h = x + -55. Is h prime?
False
Let x(q) = -150*q + 5. Let u be x(3). Let s be 4 - (2 + u + -3). Suppose s = v + 68. Is v composite?
True
Let o be -15*2/(-9)*3771/6. Let r = -978 + o. Is r prime?
True
Let i be ((-126)/30)/7 + 3/5. Let g be i + (-4 + 2282)/1. Suppose g = -10*d + 10908. Is d a composite number?
False
Let i = 32816 + -16545. Is i prime?
False
Let a(g) = -1327*g**3 + 4*g + 39. Let h(q) = 663*q**3 - 3*q - 19. Let m(w) = -2*a(w) - 5*h(w). I